+ 4*y + 24 = 116, 0 = 5*c - 3*y - 163. What are the prime factors of c?
2
Let g be (0 - (-2 + 1))*73. Suppose -3*m + g = 2*c, 3*m = -2*c + c + 77. What are the prime factors of m?
3
Suppose 0 = -u - 4*j + 77, 5*u + 3*j - 154 = 3*u. What are the prime factors of u?
7, 11
Let u(x) = 42*x - 2. List the prime factors of u(2).
2, 41
Let u be (-4)/2 - (-25)/5. Let l(a) = 11*a - 1. Let c be l(u). Suppose -4*i + 5*o + 25 = 0, 4*o + 0*o = -2*i + c. What are the prime factors of i?
2, 5
Let u(l) = 2*l**2 + 9*l + 7. Let f be (-6 - -1) + (-3 - -2). List the prime factors of u(f).
5
List the prime factors of ((-1 + 2)*-1)/((-5)/1180).
2, 59
Suppose 4*r + 2*c - 32 = c, 2*c - 24 = -3*r. Let w = r - 5. Suppose h = 5*h + 3*a - 34, -w*a = 5*h - 41. List the prime factors of h.
7
Suppose -b + 34 = 5*d, 3*d + 46 = 8*d + 4*b. What are the prime factors of d?
2, 3
Let r(t) = -t**2 - 7*t - 5. Suppose 2*u - 4 = -0*u. Suppose -8 - u = 2*s. What are the prime factors of r(s)?
5
Let t(q) = -q**3 + 4*q**2 + 2*q - 2. Let x be t(-2). Let j be (-5092)/(-171) - (-4)/18. Let k = j - x. What are the prime factors of k?
2, 3
Let s(n) = -2*n**2 + 2. Let d be s(-2). List the prime factors of (-534)/(-15) - d/15.
2, 3
What are the prime factors of (-4)/(-8)*(-146)/4*-4?
73
Suppose -2*h + 24 = 4*i + 2*h, 1 = i + 2*h. List the prime factors of i.
11
Let u(v) = 8*v + 8. List the prime factors of u(7).
2
Suppose 3*q + 2*a - 152 = 0, 3*q + a + 3*a - 154 = 0. List the prime factors of q.
2, 5
What are the prime factors of (12/10)/(-5*(-4)/1350)?
3
Let m be (-185)/(-4) + (-21)/(-28). Suppose -m - 13 = -3*r. Suppose -64 = -4*x - r. List the prime factors of x.
11
Let v(t) = 7*t**2 + 6*t + 6. What are the prime factors of v(5)?
211
Suppose -4*w - 3*i = -5*i - 30, 5*i = -5*w + 45. List the prime factors of w.
2
What are the prime factors of (9/15)/((-1)/(-5))?
3
Let m(r) = 37*r - 2. Suppose 0 = -5*l + 5, 2*n + 6*l - 2*l - 6 = 0. List the prime factors of m(n).
5, 7
Suppose 2*s = -3*c + 346, 3*s = -2*c - 2*c + 517. List the prime factors of s.
167
Let z = -3 + 8. Suppose -3*n - z = -44. List the prime factors of n.
13
Let m be (-3)/(-5) + 272/(-20). Let i be 1/2*(1 - m). Let t = i + -4. List the prime factors of t.
3
Suppose 5*u + 3 = 28. Let a = 7 - u. Suppose -a*b - 31 = 2*c - 5*c, 3*c = 3*b + 30. List the prime factors of c.
11
What are the prime factors of (-428 - 1)*-1*1/3?
11, 13
Let b(d) = d - 7. Let n be b(0). Suppose 20 = 3*j + 5*t, -3*t = j - t - 8. What are the prime factors of j*1/3 - n?
7
Suppose 2*h = -h - g + 142, h - 5*g - 42 = 0. What are the prime factors of h?
47
Suppose 0 = 6*u - 71 - 55. List the prime factors of u.
3, 7
Suppose -2*h - 3*h - 25 = 0. Let y(o) = o**2 + o - 5. List the prime factors of y(h).
3, 5
Let l = 6 - 1. Suppose -3*d = -4 - l. Suppose -3*b + 18 = d*a, -2*a = -3*a + 2*b + 12. List the prime factors of a.
2
Let h = -7 - -131. Let n be 2/(-1) - h/(-4). Suppose -3*y + n = -7. List the prime factors of y.
2, 3
Let b(g) = -g + 1. Let i(l) = l**2 - 9*l + 0 + 2 + 0*l**2. Let o(h) = 4*b(h) - i(h). What are the prime factors of o(4)?
2, 3
Suppose -3*y + 0*y - 263 = -4*l, 0 = 3*l - 3*y - 195. Let x = 100 - l. Suppose 3*o = 7*o - x. List the prime factors of o.
2
Let z(p) = -16*p + 1. Let y = 2 - 4. What are the prime factors of z(y)?
3, 11
Let j(f) = -63*f + 6. List the prime factors of j(-2).
2, 3, 11
Let o be (-387)/(-3)*(2 - 7). Let i = -433 - o. List the prime factors of i/18 + (-2)/(-9).
2, 3
Let w(a) = 5*a**3 - a**2 + a - 1. Let b be w(1). Suppose 0*x - 5*x - 4*g = -147, x - 15 = b*g. What are the prime factors of x?
3
Let v(h) be the second derivative of 5*h**3/6 - h**2/2 - h. Let f be ((-8)/(-4))/1 - -1. List the prime factors of v(f).
2, 7
Let w(v) = -v**3 - 3*v**2 + 3*v + 4. Let f be ((-32)/4)/(-2)*-1. List the prime factors of w(f).
2
Let m(u) = u**2 - 6*u - 1. Let s be m(6). Let k be 3*((-4)/6)/s. Suppose -19 = -k*t - 7. List the prime factors of t.
2, 3
Let w = 4 + 2. Let b = w + -3. Suppose 0 = -0*p + b*p - 18. What are the prime factors of p?
2, 3
Let q = -26 + 59. What are the prime factors of q?
3, 11
Let t be ((-6)/5)/((-4)/10). Suppose -5*y = -14*y + 126. List the prime factors of (2/t)/(y/357).
17
Let z = 12 + -4. List the prime factors of z.
2
Let q = 67 - 47. Let r be 54/(-10) + (-2)/(-5). What are the prime factors of r/q + (-45)/(-4)?
11
Let j be (-60)/27 - 2/(-9). Let d be (-3)/j*(-64)/(-24). Suppose 0 = 3*u + d*x - 42, 28 = 2*u + x - 2*x. What are the prime factors of u?
2, 7
Let n = -2 - -1. Let l = 15 + -13. What are the prime factors of n/(5/(-2) + l)?
2
Suppose -2*s + 4*s = -8. Let c = s + 5. List the prime factors of ((-75)/(-10))/(c/2).
3, 5
Let w(q) = -2*q. Suppose -35 = 3*t + 2*t. List the prime factors of w(t).
2, 7
Suppose -486 = -3*r - 4*c - 0*c, -4*r + 667 = -c. What are the prime factors of r?
2, 83
Let n be (-42)/(-8) - 2/8. Suppose -98 - 92 = -n*o. Suppose -3*g + o = 5*x - g, -4*g = 2*x - 12. List the prime factors of x.
2
Let q be 45/(-18)*(-24)/10. Let t be ((-9)/q)/3*-44. Suppose r + 0*r + 3*g + 6 = 0, -3*r + g = -t. What are the prime factors of r?
2, 3
Suppose 3*l + 104 + 25 = 0. Let p = l - -65. What are the prime factors of p?
2, 11
Let l(a) = 7*a + 72. What are the prime factors of l(-6)?
2, 3, 5
Let w = -1 + 3. Suppose p - 2*h = 22, -p + w*p - 30 = 4*h. List the prime factors of p.
2, 7
Let k = 1 + 1. Suppose 0 = -k*z - 0*z - 5*q - 7, 0 = -2*z + 3*q + 17. What are the prime factors of z?
2
Let d(w) = -2*w + 5. What are the prime factors of d(-5)?
3, 5
Suppose -2*c - b = c + 697, -3*b = -4*c - 912. Let t = c + 120. What are the prime factors of 1/(-4) - t/12?
3
Let g = -24 - -34. Let j = -4 + g. Suppose -j*q + 50 = 5*a - q, 3*q = -5*a + 42. What are the prime factors of a?
2, 3
Let b(u) = u**2 - 7*u + 9. Suppose -3*p = 2*p - 30. List the prime factors of b(p).
3
Suppose 2*s = 6*s - 20. Suppose -10 = -s*h + 15. What are the prime factors of h?
5
List the prime factors of (2 - 12/8)/((-2)/(-144)).
2, 3
Let q(n) = n**3 - 7*n**2 + 5*n + 7. Let w be q(6). Let o = 1 - w. Suppose o = -3*u - 3*f + 9 + 9, -2*u - 4 = -2*f. List the prime factors of u.
2
Let l = 9 - 6. Suppose d + 5*x = -12, l*x + 5 + 5 = -d. Let n = d + 18. What are the prime factors of n?
11
Let n = 121 - -161. What are the prime factors of n?
2, 3, 47
Let k(w) = -2*w - 7. List the prime factors of k(-7).
7
Let q(l) = -l**3 - 24*l**2 - 26*l + 22. List the prime factors of q(-23).
7, 13
Let y = -35 + 103. List the prime factors of y.
2, 17
Suppose -8 = -2*s - 4. List the prime factors of s.
2
Let s = 8 + -9. Let c(g) = 11*g**2 - g - 1. Let a be c(s). Let l = 17 - a. List the prime factors of l.
2, 3
Let d(u) = 7*u**2 + 12*u. Let o(m) = -13*m**2 - 24*m. Let j(n) = -11*d(n) - 6*o(n). What are the prime factors of j(-13)?
13
What are the prime factors of (5 - 35/25)*85?
2, 3, 17
Let f(b) = 351*b**2 + 3*b - 3. What are the prime factors of f(1)?
3, 13
Let c be (8*1)/((-14)/(-7)). Suppose y + c = 39. What are the prime factors of y?
5, 7
Let c(z) = -2*z**2 + z - 3. Let k(y) = -y**2. Let n(r) = -c(r) + k(r). What are the prime factors of n(3)?
3
Suppose -y = 5*v, 4*y + 3*v - 20 = 14. Suppose 4*b = 6 + y. Let t(u) = 2*u + 3. What are the prime factors of t(b)?
11
Suppose 4*v + 3*z - 20 = 0, v + 4*z = 13 + 5. Suppose v*o = 7*o - 160. List the prime factors of o.
2
Suppose 0 = 2*a - 4*w - 12, -w + 5 = 3*a - 13. List the prime factors of a.
2, 3
Let z(f) = -2*f - 2*f - f**2 - 4 + 6. Let m be z(-4). List the prime factors of m + -2*(-1)/2.
3
Let v(t) = -6*t**3 - 2*t - 1. Let y be v(-1). Suppose 5*n - 33 = y. What are the prime factors of n?
2
Suppose -3*r - 2*t + 189 = 0, 0 = 5*r - t - 101 - 227. What are the prime factors of r?
5, 13
Let b(a) be the first derivative of -3 + 1/2*a**2 + 12*a. What are the prime factors of b(-9)?
3
Let f be (-2 + 0)/(1/3). Let s = f + 2. What are the prime factors of -8*(s + 3)/1?
2
Suppose 0 = 6*z - z + 15. List the prime factors of (5/(-4))/(z/12).
5
Let h = -73 + 107. What are the prime factors of h?
2, 17
Let g(z) = z**2 - z - 5. Let b be g(8). Let w = -13 + b. List the prime factors of w.
2, 19
Let k(z) = 1 - 31*z**3 + 7*z - 12*z + 5*z**3 + 7*z. List the prime factors of k(-1).
5
Let r = 2 + 1. Suppose -3*g = -3 - r, -8 = 2*s